 y - 0. Is i(y) composite?
True
Is 154340/15*3 + (-5 - 0) a composite number?
True
Let x(y) = -5 - 18*y - 1 + 4 + 16*y. Let r be x(-8). Let h = r - 10. Is h composite?
True
Let d(w) = -43*w + 14. Let z(t) = t**2 + 10*t + 5. Let j be z(-8). Is d(j) prime?
True
Suppose 3*y + 4*s - 21855 = 0, -11*s = y - 6*s - 7285. Suppose -21*h + 16*h = -y. Is h composite?
True
Let l(z) = 521*z**2 + 8. Is l(5) a prime number?
True
Let t(b) = 6*b**2 - 1. Let h be t(1). Let u(i) = -9*i**3 + 5*i**2 - 7*i + 2. Let g(d) = 2*d**3 - d**2 + d. Let w(v) = -4*g(v) - u(v). Is w(h) prime?
True
Suppose r - 5*y = 5361, 3*y - 9641 = -3*r + 6514. Is r prime?
True
Suppose 5*j - 2738 = -3*o, -4*j = 2*o - 4*o + 1796. Let l = -371 + o. Is l prime?
False
Let n = 4346 + 11663. Is n composite?
True
Let b(z) = 36*z**2 - 13*z - 12. Is b(-5) prime?
True
Is 1/((4/(-2536))/(85/(-10))) prime?
False
Suppose 0 = 3*a + 5 - 11, 2*a + 87137 = 3*i. Is i prime?
False
Let m be 36/(-90) - (0 + 2/(-5)). Suppose 5*w - 2771 = 4*d, d = w - m*w - 555. Is w a prime number?
False
Let a(f) = 83*f**2 - 4*f - 4. Let m(g) = -g**2 + 1. Let l(z) = a(z) + 4*m(z). Let h be l(5). Suppose y + 3281 = 5*b + 5*y, -3*b + y + h = 0. Is b prime?
True
Let x = 5635 - 3102. Is x a composite number?
True
Let k = -592 + 1490. Is k a prime number?
False
Let r = 75 - 73. Suppose -r*m + 335 + 222 = 5*a, 0 = 2*a + 10. Is m composite?
True
Let x(r) = -3*r**3 + 14 - 1 + 2 + 2*r - 6*r**2. Is x(-4) prime?
True
Suppose c - 3*z = -2*z - 4, 2*c = 4*z - 6. Let q(i) = -696*i + 11. Is q(c) prime?
True
Let a be (-1 - 1)*(-3)/2. Let r = -208 + 210. Suppose -2*d + 388 = 2*s, s + r*s - 564 = a*d. Is s prime?
True
Let w(x) = 76930*x**2 - 6*x + 7. Is w(1) prime?
False
Let o = 134 - 129. Let s(k) = 197*k**2 + 7*k - 45. Is s(o) composite?
True
Let v = 3053 - 972. Is v prime?
True
Let o be 162/2 - 0/3. Let s be (o/(-6))/(1/(-28)). Suppose 0 = 5*c + s - 1813. Is c composite?
True
Suppose -4*k + 21390 = -5*x - 19963, -k = -4*x - 10330. Is k composite?
True
Suppose 0 = 4*r + 5*b - 21, 5*b + 1 = 2*r - 2. Let s be r/10 - (-288)/(-45). Let i(y) = y**2 + y + 1. Is i(s) a composite number?
False
Let z(l) = l**3 - 5*l**2 + 6*l + 2. Let u be z(5). Let q = -24 + u. Let b = q - -105. Is b a composite number?
False
Let b(g) = -239*g**3 - g**2 - 5*g + 3. Is b(-2) prime?
False
Let p(x) = -1093*x - 171. Is p(-6) prime?
False
Let i = 30 + -27. Is 698 + (13/4 - i/12) prime?
True
Suppose 5*h + 5*w = 25, 4*h = 2*w + 5 + 15. Suppose 7851 = c + 2*k, -h*c - 4*k + 2*k + 39295 = 0. Is c a prime number?
False
Suppose -37*r + 673248 + 1108117 = 0. Is r a prime number?
False
Suppose 0 = 3*p - 9712 - 10640. Suppose -5*g + p = -w + 2*w, -g + 1358 = -w. Is g a prime number?
False
Suppose -q + 2*i - 5 = 0, 4*q - 2*q + 25 = -i. Let c(p) be the second derivative of -31*p**3/6 - 5*p**2 - 2*p. Is c(q) a composite number?
False
Let t(s) = 5441*s + 499. Is t(12) a composite number?
True
Let x(i) = 16*i - 11. Let q = 10 - 5. Suppose -5*y + 52 = m, 45 - 5 = 5*y - q*m. Is x(y) composite?
False
Let b = 3336 - 4933. Let k = -779 - b. Let m = 1147 - k. Is m a prime number?
False
Suppose -6*h = -h + 5*s - 105, 5*h + 4*s = 110. Suppose -8 = -2*u - 4. Suppose h = u*q - 60. Is q a prime number?
True
Suppose 14*y = 19*y - 35335. Is y prime?
False
Is 264708/20 - 10/25 composite?
True
Let w(b) = 99*b + 24. Let m(t) = -298*t - 73. Let l(j) = -2*m(j) - 7*w(j). Is l(-9) a composite number?
True
Let k = 29604 + -3433. Is k a prime number?
True
Let x = 839 - -4512. Is x a prime number?
True
Suppose 3*q - 655 - 323 = 0. Let c = 55 + q. Is c prime?
False
Let h = -16 + 23. Let l = h + -5. Suppose -3*z - 424 = -4*y, 0 = -z - l*z. Is y a prime number?
False
Suppose -2*j + 4 + 0 = 0. Is -4 - (3 - j*250) a prime number?
False
Suppose 2 = 3*r - 2*j, 18 + 4 = 3*r + 2*j. Suppose 0 = -t - 2*d + 87, 0*d + 89 = t + r*d. Is t composite?
True
Let m = -15 + 30. Let f = -10 - -6. Let r = m + f. Is r a prime number?
True
Suppose -4*i - 5*n + 25 = i, 25 = 5*i - n. Let j be 267/(i/2 + -2). Is j/(-2*(0 + -1)) composite?
True
Suppose 2*a + 4*o - 856 = 0, -o + 4 = -2*o. Suppose -6*l + 195 = -9*l. Let i = a + l. Is i a prime number?
False
Let r = -14 + 21. Let k be r + 1 + -5 + 0. Suppose 2*y = -k*y + 785. Is y a composite number?
False
Suppose 130 = -2*a + 746. Suppose -l + q = -a, -4*q + 302 = l + q. Is l a prime number?
True
Let z be ((-4)/(-3) + -2)*3. Suppose 0 = -5*c + 4*x - 7 - 5, 4*c + 8 = 4*x. Is c + 3 - -13 - z a composite number?
True
Let h(k) = 27273*k**2 + 32*k + 30. Is h(-1) a prime number?
True
Let g(s) = -10*s**3 - 7*s**2 - 6*s + 34. Is g(-7) a composite number?
False
Let i(p) = 3*p**3 - p + 3. Let q(f) = -f - 3. Let z be q(-7). Is i(z) composite?
False
Let d(s) = -8*s - 8. Let a be d(5). Let x be a/64 + 22/8. Suppose x*b - 2307 = -b. Is b a composite number?
False
Suppose v - 3483 = -2*z, -16 = -5*z + 9*z. Is v composite?
False
Let u(n) = n**3 - 12*n**2 - n + 17. Is u(18) composite?
True
Suppose -370*t + 2219 = -363*t. Is t a prime number?
True
Suppose 72*q - 77*q = -60. Suppose -3*h = q, 3*v - 4*h = v + 270. Is v a prime number?
True
Suppose -6*m + 372 = -3*m. Let q = -42 + 133. Suppose c - q = 2*n, -5*c + 4*n + m = -325. Is c composite?
False
Is 377 + ((-54)/13 - 20/(-130)) a prime number?
True
Let m(b) = -3*b**3 - 4*b**2 + 18*b + 17. Is m(-10) prime?
True
Suppose -3*s + 5 = -7. Suppose 4*i = 4, 5*i - 2*i = s*q - 97. Suppose -22*k + q*k - 69 = 0. Is k composite?
False
Let f(a) = -a**2 + a. Let q(y) = y**3 + 10*y**2 + 10*y - 5. Let n(c) = 4*f(c) - q(c). Is n(-16) a prime number?
True
Let y(g) be the second derivative of 107*g**3/6 + 3*g**2/2 - 13*g. Is y(10) prime?
False
Suppose -9*q = -14*q + 13285. Is q a composite number?
False
Let k(i) = 57*i**3 - 5*i**2 - 3*i + 1. Is k(4) a prime number?
True
Suppose -x - 4*x = 5*o + 5, 3*x - 4*o = 11. Let l(i) = 676*i - 2. Is l(x) prime?
False
Let g be ((55/10)/(-11))/(2/(-20)). Is g/((-50)/(-1464)) - 28/70 composite?
True
Let h(v) = -v**2 - 6*v + 8. Let t be h(-6). Let f be 11/(-2)*-31*t. Suppose f = 4*r - 5*y + y, -317 = -r - 5*y. Is r a prime number?
True
Let f = 410 + -63. Is f composite?
False
Let t be (2/1 - -4)*2/3. Suppose 0*v + t*k - 11 = -3*v, k + 40 = 4*v. Is v composite?
True
Let n = -14227 - -24158. Is n a composite number?
False
Is ((-2)/8)/(26/(-1959256)) prime?
True
Suppose -781 = 4*f + j - 5078, 0 = 2*f - j - 2141. Is f a composite number?
True
Let l = 66 - 61. Suppose -2*p - 4*c = -1326, 2*c + 2*c + 3385 = l*p. Is p a composite number?
False
Let p(t) = -8*t**3 - 4*t**2 - 4*t + 4. Let f be p(-6). Let h = 3831 - f. Is h a composite number?
True
Suppose -4*b + 7*d - 12*d + 25291 = 0, 31580 = 5*b - 5*d. Is b prime?
False
Let d = -65 + 137. Suppose -v = v - d. Let y = v - -55. Is y a prime number?
False
Suppose -4*o = 4*w - 22036, -30*o + 26*o = -4*w - 22036. Is o a prime number?
False
Let j(s) be the second derivative of -s**5/20 + s**4/12 + s**3/3 + s**2/2 - 5*s. Let i be j(2). Is 4/2 + 197/i a composite number?
False
Let z(q) = -q**3 + 9*q**2 + 2. Let f be z(9). Suppose -y - f*v = -119, 0*v + 3*v + 339 = 3*y. Is y a composite number?
True
Suppose 5*i + 20 = -q, -34 = 5*q - 0*q + 3*i. Let z be (444/(-10))/(q/(-175)). Is 1/(3/z*-2) a composite number?
True
Let y = -7362 + 11353. Is y a prime number?
False
Suppose -116 = -d - 3*q + 21, -2*d = -4*q - 264. Suppose 16*s - 1023 = 17. Let z = s + d. Is z composite?
False
Suppose 4*l + l + 5 = 0. Let v be ((l - 0) + -39)*-56. Is (-7)/21 - v/(-6) a prime number?
True
Suppose -7*z + 4016 = 1356. Suppose 2*r + p = z, -3*r = -2*p - 3*p - 583. Is r a prime number?
True
Suppose 5*a + 31 = -39. Let r = -27 - a. Is -3 + r*(0 - 2) a prime number?
True
Let t = -297 + 1552. Is t a composite number?
True
Suppose 152 = -3*n - n. Let b be (-2056)/20 + 2*3/(-30). Let x = n - b. Is x prime?
False
Let x(j) = -j**3 - 8*j**2 - j + 7. Let g be x(-8). Let o = g + -15. Suppose o*i - 3*i + 1663 = 5*d, 0 = -4*d - 5*i + 1320. Is d a composite number?
True
Let y(f) = f**2 - 9*f + 1. Let o be -18*(1 - (-12)/(-8)). Let b be y(o). Is b - (-1*55 + 3) composite?
False
Let y = -2 + 7. Let x = y - 3. Suppose -5*s + 609 = -x*s. Is s a prime number?
False
Suppose 30*k - 20 = 25*k. Suppose 0*l + 92 = k*l. Is l a composite number?
False
Let y b